me factors of 55014?
2, 3, 53, 173
What are the prime factors of 7493?
59, 127
List the prime factors of 116669.
7, 2381
What are the prime factors of 1305?
3, 5, 29
What are the prime factors of 1014?
2, 3, 13
List the prime factors of 44195.
5, 8839
What are the prime factors of 13710?
2, 3, 5, 457
What are the prime factors of 8549?
83, 103
List the prime factors of 1248.
2, 3, 13
What are the prime factors of 26712?
2, 3, 7, 53
What are the prime factors of 56301?
3, 7, 383
What are the prime factors of 379?
379
What are the prime factors of 21887?
43, 509
List the prime factors of 2399.
2399
What are the prime factors of 3695?
5, 739
What are the prime factors of 50894?
2, 25447
List the prime factors of 9150.
2, 3, 5, 61
What are the prime factors of 8844?
2, 3, 11, 67
List the prime factors of 580.
2, 5, 29
List the prime factors of 41468.
2, 7, 1481
What are the prime factors of 100566?
2, 3, 37, 151
List the prime factors of 1452.
2, 3, 11
What are the prime factors of 26?
2, 13
List the prime factors of 8031.
3, 2677
What are the prime factors of 6224?
2, 389
What are the prime factors of 10629?
3, 1181
What are the prime factors of 819?
3, 7, 13
What are the prime factors of 10769?
11, 89
List the prime factors of 102969.
3, 17, 673
What are the prime factors of 15914?
2, 73, 109
What are the prime factors of 73222?
2, 31, 1181
What are the prime factors of 3880?
2, 5, 97
List the prime factors of 694.
2, 347
What are the prime factors of 5883?
3, 37, 53
What are the prime factors of 2132?
2, 13, 41
List the prime factors of 3073.
7, 439
What are the prime factors of 333?
3, 37
List the prime factors of 2241.
3, 83
What are the prime factors of 3600?
2, 3, 5
List the prime factors of 51848.
2, 6481
List the prime factors of 3036.
2, 3, 11, 23
What are the prime factors of 18994?
2, 9497
What are the prime factors of 9848?
2, 1231
What are the prime factors of 333?
3, 37
List the prime factors of 44911.
97, 463
What are the prime factors of 271?
271
List the prime factors of 66791.
66791
List the prime factors of 39860.
2, 5, 1993
List the prime factors of 15311.
61, 251
What are the prime factors of 61402?
2, 11, 2791
List the prime factors of 5852.
2, 7, 11, 19
What are the prime factors of 6077?
59, 103
What are the prime factors of 38320?
2, 5, 479
What are the prime factors of 1976?
2, 13, 19
List the prime factors of 1696.
2, 53
List the prime factors of 22375.
5, 179
What are the prime factors of 5376?
2, 3, 7
List the prime factors of 2457.
3, 7, 13
List the prime factors of 4183.
47, 89
List the prime factors of 2129.
2129
What are the prime factors of 335?
5, 67
What are the prime factors of 19824?
2, 3, 7, 59
List the prime factors of 633.
3, 211
List the prime factors of 1483.
1483
What are the prime factors of 169?
13
What are the prime factors of 4305?
3, 5, 7, 41
List the prime factors of 2529.
3, 281
List the prime factors of 463.
463
List the prime factors of 430.
2, 5, 43
List the prime factors of 2170.
2, 5, 7, 31
List the prime factors of 50358.
2, 3, 7, 11, 109
What are the prime factors of 10013?
17, 19, 31
What are the prime factors of 1232?
2, 7, 11
List the prime factors of 568.
2, 71
List the prime factors of 484.
2, 11
List the prime factors of 6499.
67, 97
What are the prime factors of 3179?
11, 17
List the prime factors of 10763.
47, 229
List the prime factors of 1242.
2, 3, 23
List the prime factors of 3613.
3613
What are the prime factors of 2610?
2, 3, 5, 29
List the prime factors of 59346.
2, 3, 7, 157
What are the prime factors of 175574?
2, 7, 12541
What are the prime factors of 2333?
2333
What are the prime factors of 1793?
11, 163
List the prime factors of 3688.
2, 461
What are the prime factors of 37210?
2, 5, 61
What are the prime factors of 551?
19, 29
What are the prime factors of 859?
859
List the prime factors of 22029.
3, 7, 1049
List the prime factors of 1397.
11, 127
List the prime factors of 7701.
3, 17, 151
List the prime factors of 1303.
1303
What are the prime factors of 6458?
2, 3229
List the prime factors of 39102.
2, 3, 7, 19
What are the prime factors of 158?
2, 79
List the prime factors of 93192.
2, 3, 11, 353
What are the prime factors of 1762?
2, 881
List the prime factors of 492.
2, 3, 41
List the prime factors of 14482.
2, 13, 557
List the prime factors of 13705.
5, 2741
List the prime factors of 13399.
13399
List the prime factors of 4625.
5, 37
List the prime factors of 5066.
2, 17, 149
What are the prime factors of 3673?
3673
What are the prime factors of 77849?
77849
List the prime factors of 507.
3, 13
List the prime factors of 6069.
3, 7, 17
List the prime factors of 6829.
6829
List the prime factors of 23163.
3, 7, 1103
What are the prime factors of 2210?
2, 5, 13, 17
List the prime factors of 3164.
2, 7, 113
What are the prime factors of 10046?
2, 5023
List the prime factors of 9928.
2, 17, 73
What are the prime factors of 11615?
5, 23, 101
List the prime factors of 4530.
2, 3, 5, 151
List the prime factors of 802.
2, 401
What are the prime factors of 16797?
3, 11, 509
List the prime factors of 45556.
2, 7, 1627
What are the prime factors of 909?
3, 101
List the prime factors of 845.
5, 13
List the prime factors of 6930.
2, 3, 5, 7, 11
List the prime factors of 2391.
3, 797
List the prime factors of 102093.
3, 34031
List the prime factors of 19998.
2, 3, 11, 101
What are the prime factors of 62677?
233, 269
List the prime factors of 1409.
1409
List the prime factors of 1757.
7, 251
List the prime factors of 32373.
3, 11, 109
List the prime factors of 15.
3, 5
What are the prime factors of 52852?
2, 73, 181
What are the prime factors of 1498?
2, 7, 107
List the prime factors of 2906.
2, 1453
List the prime factors of 2066.
2, 1033
What are the prime factors of 8453?
79, 107
List the prime factors of 15945.
3, 5, 1063
List the prime factors of 448.
2, 7
What are the prime factors of 52550?
2, 5, 1051
List the prime factors of 169835.
5, 33967
List the prime factors of 342.
2, 3, 19
List the prime factors of 972.
2, 3
List the prime factors of 18475.
5, 739
What are the prime factors of 17194?
2, 8597
What are the prime factors of 4051?
4051
List the prime factors of 19808.
2, 619
What are the prime factors of 33003?
3, 19, 193
What are the prime factors of 2956?
2, 739
List the prime factors of 1022.
2, 7, 73
List the prime factors of 3463.
3463
List the prime factors of 5298.
2, 3, 883
What are the prime factors of 742?
2, 7, 53
List the prime factors of 7721.
7, 1103
What are the prime factors of 3198?
2, 3, 13, 41
What are the prime factors of 176420?
2, 5, 8821
List the prime factors of 2161.
2161
What are the prime factors of 321?
3, 107
What are the prime factors of 4114?
2, 11, 17
What are the prime factors of 833?
7, 17
List the prime factors of 8765.
5, 1753
What are the prime factors of 479?
479
What are the prime factors of 58270?
2, 5, 5827
List the prime factors of 5371.
41, 131
List the prime factors of 10008.
2, 3, 139
List the prime factors of 25125.
3, 5, 67
What are the prime factors of 93702?
2, 3, 7, 23, 97
List the prime factors of 43888.
2, 13, 211
What are the prime factors of 61697?
103, 599
List the prime factors of 397.
397
List the prime factors of 5036.
2, 1259
What are the prime factors of 38020?
2, 5, 1901
What are the prime factors of 58372?
2, 14593
What are the prime factors of 27725?
5, 1109
What are the prime factors of 185736?
2, 3, 71, 109
What are the prime factors of 4236?
2, 3, 353
What are the prime factors of 20120?
2, 5, 503
List the prime factors of 4828.
2, 17, 71
List the prime factors of 104634.
2, 3, 5813
What are the prime factors of 1273?
19, 67
List the prime factors of 12738.
2, 3, 11, 193
What are the prime factors of 1231?
1231
What are the prime factors of 6838?
2, 13, 263
List the prime factors of 7600.
2, 5, 19
What are the prime factors of 480?
2, 3, 5
What are the prime factors of 1326?
2, 3, 13, 17
What are the prime factors of 27529?
27529
List the prime factors of 9795.
3, 5, 653
What are the prime factors of 1629?
3, 181
What are the prime factors of 1045?
5, 11, 19
What are the prime factors of 37639?
7, 19, 283
What are the prime factors of 884?
2, 13, 17
What are the prime factors of 19104?
2, 3, 199